late the highest common divisor of 2214 and 4096548.
54
Calculate the greatest common divisor of 27970830 and 25050.
5010
Calculate the greatest common divisor of 9 and 296178237.
9
Calculate the greatest common factor of 2148080 and 1000.
40
What is the greatest common factor of 562223 and 377?
29
Calculate the greatest common factor of 418 and 884950.
22
What is the greatest common factor of 85 and 187512992?
17
Calculate the greatest common divisor of 348582051 and 4167.
4167
Calculate the highest common divisor of 1835388 and 2628.
36
What is the highest common divisor of 10161670 and 25676?
262
What is the highest common factor of 7871051 and 34?
17
Calculate the greatest common divisor of 18 and 50551494.
6
Calculate the highest common factor of 4614127 and 189.
7
What is the highest common factor of 1306708 and 468?
52
Calculate the highest common factor of 2610 and 376168860.
2610
What is the greatest common factor of 266 and 4785796?
38
Calculate the highest common factor of 339 and 4949965.
113
What is the highest common divisor of 8138 and 30316?
26
What is the highest common factor of 3188691 and 168795?
3069
Calculate the greatest common factor of 16402 and 455642.
278
What is the highest common divisor of 17365 and 62967?
151
What is the greatest common factor of 17294 and 3346?
2
Calculate the highest common divisor of 5022678 and 60.
6
Calculate the highest common divisor of 1755688 and 5962.
22
Calculate the greatest common divisor of 1232070 and 2240.
70
What is the highest common divisor of 12992225 and 1018?
509
What is the highest common factor of 66276 and 5472?
36
What is the highest common divisor of 1692313 and 539?
49
Calculate the greatest common factor of 5728968 and 328860.
2268
Calculate the greatest common factor of 8895136 and 96.
32
What is the greatest common divisor of 78 and 450679?
1
What is the greatest common factor of 1349385 and 755?
5
What is the highest common factor of 16664 and 2560?
8
What is the highest common divisor of 73449 and 5409?
9
What is the highest common divisor of 265585122 and 162?
54
Calculate the greatest common divisor of 1359388 and 1156.
68
Calculate the highest common divisor of 59735 and 25025.
65
What is the highest common factor of 21648182 and 3460?
346
What is the greatest common divisor of 22494 and 1682337507?
11247
Calculate the highest common divisor of 10620 and 126084180.
3540
Calculate the highest common factor of 17850 and 69575730.
3570
What is the highest common factor of 17967 and 4611?
159
What is the highest common divisor of 52 and 49993801?
13
Calculate the highest common divisor of 28 and 4785172.
28
What is the highest common factor of 4475 and 89147907?
179
Calculate the highest common factor of 534866364 and 108.
36
Calculate the greatest common divisor of 985 and 56530.
5
Calculate the greatest common factor of 17072 and 718603160.
8536
Calculate the highest common divisor of 3996620 and 240.
20
Calculate the greatest common factor of 880 and 4824622.
22
Calculate the highest common factor of 420 and 156325260.
420
Calculate the greatest common factor of 33913144 and 184.
8
What is the highest common factor of 795294 and 138990?
678
Calculate the greatest common factor of 2792 and 26249686.
698
What is the greatest common factor of 14820198 and 6990?
1398
What is the highest common divisor of 170435811 and 2583?
861
What is the highest common factor of 102 and 20591760?
102
What is the greatest common divisor of 505 and 5183219?
101
What is the greatest common divisor of 81676941 and 14088?
1761
What is the greatest common divisor of 289680 and 3227376?
3408
What is the highest common factor of 96 and 119970528?
96
Calculate the highest common divisor of 3 and 3024396.
3
Calculate the highest common factor of 324 and 207765.
81
What is the highest common divisor of 137953 and 28471?
71
Calculate the highest common divisor of 746230416 and 96.
48
What is the greatest common divisor of 1957 and 101425439?
1957
Calculate the greatest common factor of 6 and 14458074.
6
What is the greatest common divisor of 11824 and 39453732?
2956
What is the greatest common divisor of 250653 and 528?
3
What is the highest common divisor of 203184 and 380025792?
11952
What is the highest common divisor of 53788 and 1411731?
17
What is the highest common divisor of 5158 and 183013577?
2579
Calculate the greatest common divisor of 497263 and 4437.
29
Calculate the highest common divisor of 84 and 5717820.
12
What is the highest common factor of 29650576 and 5?
1
Calculate the highest common factor of 12353058 and 49446.
1206
Calculate the greatest common factor of 3423290 and 219895.
1105
Calculate the greatest common divisor of 27 and 1190985.
3
Calculate the greatest common factor of 11844812 and 654.
218
What is the highest common divisor of 332238 and 3918?
6
Calculate the highest common divisor of 10472 and 3090056.
136
Calculate the greatest common factor of 1623 and 347920887.
1623
What is the greatest common divisor of 1273379 and 3197?
139
Calculate the highest common factor of 7415266 and 6.
2
Calculate the highest common divisor of 46200 and 50260.
140
What is the greatest common divisor of 194878 and 332?
2
Calculate the greatest common divisor of 69160 and 43949360.
3640
Calculate the greatest common divisor of 422 and 1056887606.
422
Calculate the greatest common factor of 545447 and 16501807.
8141
Calculate the highest common factor of 49733816 and 264.
88
What is the greatest common factor of 6326872 and 116?
116
What is the greatest common factor of 66 and 46026618?
66
Calculate the greatest common factor of 9212 and 948444.
196
Calculate the greatest common divisor of 7560 and 8670780.
540
Calculate the highest common factor of 1006950 and 175.
175
What is the highest common factor of 35883 and 333579?
1329
Calculate the greatest common factor of 1568 and 336992.
32
Calculate the greatest common divisor of 78422 and 4135687.
113
What is the highest common divisor of 2134276 and 28?
4
What is the greatest common factor of 34702933 and 11152?
697
Calculate the greatest common factor of 14264 and 14568893.
1783
What is the greatest common divisor of 19348325 and 235?
5
What is the greatest common factor of 1812 and 2468?
4
What is the highest common factor of 1258173 and 3087?
441
Calculate the greatest common factor of 584198 and 32078.
86
What is the highest common divisor of 2978010 and 1530?
90
Calculate the greatest common factor of 1458572833 and 1511.
1511
What is the greatest common factor of 25 and 24808?
1
What is the highest common factor of 2472981 and 12544?
49
What is the greatest common divisor of 438154 and 51570?
382
Calculate the highest common factor of 797898951 and 27.
27
What is the greatest common factor of 1547350 and 325150?
350
Calculate the greatest common divisor of 6899239 and 23545.
277
Calculate the greatest common divisor of 2328189 and 292.
73
What is the greatest common divisor of 43656480 and 218112?
6816
What is the highest common factor of 16 and 47613904?
16
What is the highest common factor of 9224799 and 19143?
2127
Calculate the greatest common divisor of 3888960 and 24960.
960
Calculate the greatest common factor of 1430500 and 33500.
500
Calculate the greatest common divisor of 17752 and 7861.
7
Calculate the highest common factor of 9688 and 294182.
14
What is the highest common divisor of 63054 and 325314?
558
Calculate the highest common factor of 1294794 and 2304.
18
Calculate the greatest common factor of 454 and 75020.
2
What is the highest common factor of 2521233 and 50336?
143
Calculate the greatest common factor of 9253 and 456437.
19
Calculate the highest common divisor of 200865 and 11760.
105
What is the highest common factor of 32959773 and 1386?
693
Calculate the greatest common divisor of 12146400 and 1200.
1200
What is the greatest common divisor of 286456 and 17023?
587
Calculate the greatest common factor of 280 and 2857540.
140
Calculate the greatest common divisor of 809695 and 2077.
67
Calculate the highest common factor of 2824 and 1923497.
353
Calculate the greatest common divisor of 57236 and 1533506.
698
Calculate the greatest common factor of 244 and 86604140.
244
Calculate the highest c